{"id":777,"date":"2011-06-23T19:04:24","date_gmt":"2011-06-23T19:04:24","guid":{"rendered":"http:\/\/wpthemetestdata.wordpress.com\/?page_id=746"},"modified":"2017-12-16T12:25:19","modified_gmt":"2017-12-16T15:25:19","slug":"saulo-fernandes","status":"publish","type":"page","link":"http:\/\/saulofernandes.com\/site\/saulo-fernandes\/","title":{"rendered":"Saulo Fernandes"},"content":{"rendered":"<div class='grid_ grid_6 alpha alpha'><p><a href=\"http:\/\/saulofernandes.com\/site\/wp-content\/uploads\/2011\/06\/WhatsApp-Image-2017-12-13-at-19.15.30.jpeg\"><img loading=\"lazy\" class=\"alignnone size-full wp-image-2242\" alt=\"WhatsApp Image 2017-12-13 at 19.15.30\" src=\"http:\/\/saulofernandes.com\/site\/wp-content\/uploads\/2011\/06\/WhatsApp-Image-2017-12-13-at-19.15.30.jpeg\" width=\"1032\" height=\"581\" srcset=\"http:\/\/saulofernandes.com\/site\/wp-content\/uploads\/2011\/06\/WhatsApp-Image-2017-12-13-at-19.15.30.jpeg 1032w, http:\/\/saulofernandes.com\/site\/wp-content\/uploads\/2011\/06\/WhatsApp-Image-2017-12-13-at-19.15.30-300x168.jpeg 300w, http:\/\/saulofernandes.com\/site\/wp-content\/uploads\/2011\/06\/WhatsApp-Image-2017-12-13-at-19.15.30-1024x576.jpeg 1024w\" sizes=\"(max-width: 1032px) 100vw, 1032px\" \/><\/a><\/p>\n<\/div>\n<div class='grid_ grid_6 omega'><\/p>\n<h3 style=\"font-size: 24px !important; color: #ffaf32;\">Dr. Saulo Fernades<\/h3>\n<p>O Dr. Saulo Fernandes, \u00e9 um aficionado por sua profiss\u00e3o.<\/p>\n<p>A sua caminhada come\u00e7ou no ano de 1995 na FOV ( Faculdade de Odontologia de Valen\u00e7a\/RJ) na qual se graduou em odontologia em 1999.\nAp\u00f3s a sua forma\u00e7\u00e3o, exerceu a especialidade de Cl\u00ednica Geral em diversas centros odontol\u00f3gico.<\/p>\n<p>No ano de 2004 terminou sua p\u00f3s-gradua\u00e7\u00e3o em endondontia e come\u00e7ou a realizar atendimento no m\u00fanicipio de Duque de Caxias-RJ, na qual atender at\u00e9 hoje.<\/p>\n<p>No ano de 2013 para melhor atendimento e conforto ao seus paciientes inaugurou a Cl\u00ednica Saulo Fernandes Odontologia Especializada.<\/p>\n<p>Dentro outras p\u00f3s-gradua\u00e7\u00f5es que possu\u00ed inclui-se pr\u00f3tese sobre implante, cirurgia pl\u00e1stica periodontal e harmoniza\u00e7\u00e3o e est\u00e9tica orofacial.<\/p>\n<h3>\u00ab A Cl\u00ednica Saulo Fernandes Odontologia Especializada aguarda sua visita.<\/h3>\n<p>\n<\/div>\n<div class=\"divider\"><div class=\"divider-icon\"><img src=\"http:\/\/saulofernandes.com\/site\/wp-content\/themes\/whisper\/img\/divider.png\" alt=\"divider\"><\/div><\/div>\n<div class='grid_12 omega'><\/p>\n<h3 style=\"font-size: 24px !important; color: #ffaf32;\">Nossa Equipe<\/h3>\n<p>\n<\/div><div class=\"clear\"><\/div>\n<div class='grid_ grid_4 alpha alpha'><\/p>\n<h3>Dr. Saulo Fernandes<\/h3>\n<p>Dr. Saulo Fernandes\nCRO-RJ 24120<\/p>\n<p>&#8211; Endodontista<\/p>\n<p>&#8211; Pr\u00f3tese sobre implante<\/p>\n<p>&#8211; Cirurgia Pl\u00e1stica Perodontal<\/p>\n<p>&#8211; Harmoniza\u00e7\u00e3o e Est\u00e9tica Orofacial<\/p>\n<p>\n<\/div>\n<div class='grid_ grid_4'><\/p>\n<h3>Dra. Suelen Fernandes<\/h3>\n<p>CRM &#8211;  <\/p>\n<p>&#8211; M\u00e9dica Anestesiologista<\/p>\n<\/div>\n<div class='grid_ grid_4 omega'><\/p>\n<h3>Susane Ximenes<\/h3>\n<p>&#8211; Gerente Administrativa<\/p>\n<\/div>\n<div class='grid_ grid_4 alpha'><\/p>\n<h3>Dr. Diego Limoeiro<\/h3>\n<p>CRO-RJ 31146<\/p>\n<p>&#8211; Cirurgi\u00e3o Buco Maxilo Facial<\/p>\n<p>&#8211; Implantodontista<\/p>\n<p>&#8211; Especialista em Disfun\u00e7\u00e3o Temporo Mandibular e Dor Orofacial<\/p>\n<\/div>\n<div class='grid_ grid_4'><\/p>\n<h3>Dr. Rafael Lopes<\/h3>\n<p>CRO-RJ 37827<\/p>\n<p>&#8211; Ortodontista<\/p>\n<\/div>\n<div class='grid_ grid_4 omega'><\/p>\n<h3>Dra. Lorena Ragazzi<\/h3>\n<p>CRO-RJ 31211<\/p>\n<p>&#8211; Endodontista<\/p>\n<\/div>\n<div class='grid_ grid_4 alpha'><\/p>\n<h3>Dr. Wanderley Morgado<\/h3>\n<p>CRO-RJ 34628<\/p>\n<p>&#8211; Cl\u00ednico Geral com atua\u00e7\u00e3o em cirurgia oral menor<\/p>\n<\/div>\n<div class='grid_ grid_4'><\/p>\n<h3>Dra. Walquiria Moulin<\/h3>\n<p>CRO-RJ 38282<\/p>\n<p>&#8211; Ortondontista<\/p>\n<\/div>\n<div class='grid_ grid_4 omega'><\/p>\n<h3>Rosana Aparecida<\/h3>\n<p>&#8211; Auxiliar de Sa\u00fade Bucal<\/p>\n<\/div>\n","protected":false},"excerpt":{"rendered":"","protected":false},"author":1,"featured_media":0,"parent":0,"menu_order":4,"comment_status":"open","ping_status":"closed","template":"","meta":[],"_links":{"self":[{"href":"http:\/\/saulofernandes.com\/site\/wp-json\/wp\/v2\/pages\/777"}],"collection":[{"href":"http:\/\/saulofernandes.com\/site\/wp-json\/wp\/v2\/pages"}],"about":[{"href":"http:\/\/saulofernandes.com\/site\/wp-json\/wp\/v2\/types\/page"}],"author":[{"embeddable":true,"href":"http:\/\/saulofernandes.com\/site\/wp-json\/wp\/v2\/users\/1"}],"replies":[{"embeddable":true,"href":"http:\/\/saulofernandes.com\/site\/wp-json\/wp\/v2\/comments?post=777"}],"version-history":[{"count":51,"href":"http:\/\/saulofernandes.com\/site\/wp-json\/wp\/v2\/pages\/777\/revisions"}],"predecessor-version":[{"id":2253,"href":"http:\/\/saulofernandes.com\/site\/wp-json\/wp\/v2\/pages\/777\/revisions\/2253"}],"wp:attachment":[{"href":"http:\/\/saulofernandes.com\/site\/wp-json\/wp\/v2\/media?parent=777"}],"curies":[{"name":"wp","href":"https:\/\/api.w.org\/{rel}","templated":true}]}}